*r**2 + 2107*r + 490. Calculate q(14).
0
Let k(q) = -2*q**2 - 57*q - 94. Calculate k(-36).
-634
Let t(f) = -f**3 + 47*f**2 - 274*f - 56. Determine t(40).
184
Let c(m) = 728*m**3 + 2918*m**2 - 6*m - 22. Give c(-4).
98
Let a(y) = y**3 + 23*y**2 + 69*y - 37. Determine a(-9).
476
Let g(x) = -1548*x - 1415. Calculate g(-1).
133
Let o(f) = f**3 - 44*f**2 + 441*f + 221. What is o(28)?
25
Let p(n) = -3*n**3 - 84*n**2 - 265*n + 652. Determine p(-24).
100
Let s(g) = -26123*g - 52357. Give s(-2).
-111
Let g(j) = -8*j**3 + 428*j**2 + 205*j + 608. What is g(54)?
14
Let b(r) = -r**3 - 90*r**2 + 72*r - 1041. Calculate b(-91).
688
Let f(t) = 28*t**2 - 848*t - 5848. Calculate f(-7).
1460
Let c(y) = -3671*y - 1394968. Give c(-380).
12
Let z(b) = -2126*b + 4370. What is z(3)?
-2008
Let p(o) = 1546*o + 204070. Give p(-132).
-2
Let n(k) = 50525*k - 1667304. What is n(33)?
21
Let p(v) = 11*v**2 + 100*v + 130. Calculate p(-7).
-31
Let c(q) = -7535*q - 22545. What is c(-3)?
60
Let h(o) = -o**3 - 98*o**2 + 3481*o + 13242. What is h(-125)?
-8
Let p(y) = -y**2 - 2019*y + 112501. What is p(54)?
559
Let c(o) = -o**3 + 27*o**2 - 61*o - 250. Give c(22).
828
Let c(k) = -5*k**3 + 1354*k**2 + 1630*k + 550. Calculate c(272).
6
Let k(i) = 2*i**2 + 143781*i - 1294200. Determine k(9).
-9
Let d(y) = 17502*y**2 + 17549*y - 1. What is d(-1)?
-48
Let b(q) = 60*q**2 + 10463*q + 3981. Determine b(-174).
-21
Let o(v) = 3*v**3 + 307*v**2 + 112*v + 993. Calculate o(-102).
-27
Let u(k) = k**2 + 221050*k + 2431433. What is u(-11)?
4
Let b(p) = -56456*p + 51092689. Give b(905).
9
Let y(h) = -452*h**2 + 8579*h + 173. Determine y(19).
2
Let t(u) = u**3 + 10*u**2 - 1203*u - 13148. What is t(-11)?
-36
Let o(c) = 4*c**2 + 450*c + 19952. Calculate o(-43).
7998
Let v(q) = q**3 - 23*q**2 + 65*q + 838. Give v(13).
-7
Let m(x) = 446*x**2 - 23179*x - 648. Give m(52).
28
Let s(l) = -l**3 - 132*l**2 - 2114*l + 593. What is s(-19)?
-34
Let q(f) = 9885*f - 1324699. Calculate q(134).
-109
Let u(h) = -1981*h - 148575. Calculate u(-75).
0
Let z(g) = g**3 - 390*g**2 - 3160*g - 9584. Give z(398).
-32
Let v(t) = -3*t**2 + 100*t - 616. Give v(9).
41
Let n(h) = 6*h**2 - 12*h - 78. What is n(-10)?
642
Let k(h) = 477990*h + 23. What is k(0)?
23
Let y(r) = -r**3 - 45*r**2 - 205*r - 888. What is y(-6)?
-1062
Let k(a) = -216582*a + 433178. Give k(2).
14
Let a(o) = -o**3 - 198*o**2 + 5765*o - 13211. Determine a(-224).
5
Let v(m) = 7349*m - 35630. Determine v(5).
1115
Let d(w) = -6326*w + 588329. Determine d(93).
11
Let m(g) = 7422*g - 170724. Determine m(23).
-18
Let i(t) = t**2 - 73*t - 4989. Calculate i(116).
-1
Let l(u) = -2*u**2 + 17515*u + 951642. Calculate l(-54).
0
Let p(s) = 6987*s + 98275. Determine p(-14).
457
Let w(m) = 235*m + 2057. What is w(-9)?
-58
Let f(o) = 4*o**3 - 1023*o**2 + 751*o + 3561. Calculate f(255).
-9
Let g(s) = -s**3 - 56*s**2 - 196*s + 9. What is g(-4)?
-39
Let d(a) = -10*a**3 - 1609*a**2 + 135*a - 4187. Calculate d(-161).
-1
Let p(z) = -708446*z - 16294251. Determine p(-23).
7
Let a(o) = 492*o + 61108. What is a(-124)?
100
Let b(v) = 77*v**3 + 29*v**2 - 37*v - 135. Calculate b(3).
2094
Let v(w) = w**3 - 385*w**2 + 1471*w + 163024. Give v(380).
4
Let q(k) = k**2 - 7330*k + 1439851. Determine q(202).
-5
Let c(i) = -2*i**3 + 76*i**2 + 11*i + 691. Calculate c(37).
3836
Let b(f) = -13*f**3 + 14*f**2 + 75*f + 3. Calculate b(-2).
13
Let z(x) = -x**2 - 124*x + 841. Give z(-128).
329
Let i(q) = -3*q**2 - 401*q - 12061. Determine i(-46).
37
Let c(h) = 2*h**3 + 48*h**2 + 220*h - 768. Calculate c(-16).
-192
Let m(z) = 23*z**2 - 5535*z + 41004. Determine m(233).
-4
Let z(y) = -y**3 + 105*y**2 - 1421*y + 254. Determine z(16).
302
Let a(c) = 8488*c + 110145. What is a(-13)?
-199
Let a(o) = o**3 + 738*o**2 - 385122*o - 334. Calculate a(353).
19
Let k(p) = 877*p - 195722. What is k(222)?
-1028
Let f(x) = -2*x**3 + 292*x**2 - 576*x - 10. Give f(144).
-10
Let c(v) = 4495*v - 44890. Give c(10).
60
Let c(h) = 2505*h + 726450. What is c(-290)?
0
Let b(c) = -c**3 + 5*c**2 + 708*c - 4205. Give b(6).
7
Let i(f) = -f**3 + 61*f**2 - 19*f - 2487. What is i(60)?
-27
Let k(y) = 747*y**2 + 1320*y - 304. Give k(-2).
44
Let l(r) = -13515*r + 5041071. Calculate l(373).
-24
Let x(f) = -29*f**2 - 962*f - 1071. Determine x(-32).
17
Let a(r) = -2*r**3 - 117*r**2 - 199*r + 4532. Give a(-56).
-4
Let m(c) = -2*c**3 + 448*c**2 + 896*c + 1955. Calculate m(226).
147
Let a(q) = 23*q**3 - 240*q**2 - 146*q + 37. Determine a(11).
4
Let c(s) = -7644*s + 259891. What is c(34)?
-5
Let o(j) = 13921*j**2 + 139230*j + 205. What is o(-10)?
5
Let f(m) = -m**3 + 8*m**2 + 515*m - 6793. Determine f(11).
-1491
Let s(d) = -516472*d - 4131764. Calculate s(-8).
12
Let w(j) = j**2 - 17438*j + 487505. What is w(28)?
25
Let b(m) = -m**3 - 96*m**2 - 579*m - 11278. Calculate b(-91).
6
Let k(s) = -2*s**2 + 1079*s - 48493. Calculate k(490).
17
Let a(z) = 57*z - 1483. Give a(24).
-115
Let i(k) = -46*k**2 - 1525*k + 1337. What is i(-34)?
11
Let n(b) = 654*b**2 + 29440*b + 409. Determine n(-45).
-41
Let s(n) = n**3 - 41*n**2 - 186*n + 8112. Give s(41).
486
Let p(z) = 1125486*z - 28137147. Give p(25).
3
Let t(m) = -1077*m + 40313. Give t(37).
464
Let i(u) = 3*u**3 - 7*u**2 + 250*u - 1081. Determine i(5).
369
Let u(m) = 154*m**3 - 59*m**2 - 13*m - 1. Give u(-1).
-201
Let f(z) = -17*z**3 - 128*z**2 - 237*z - 2401. Calculate f(-8).
7
Let u(m) = 3*m**2 + 701*m - 22854. Calculate u(29).
-2
Let t(w) = -w**2 + 20641*w - 6882383. What is t(339)?
-5
Let n(t) = 142*t - 6189. Calculate n(44).
59
Let s(m) = -2*m**3 + 254*m**2 - 1374*m + 174508. Give s(127).
10
Let l(b) = -4*b**3 + 2712*b**2 + 23*b - 15579. Give l(678).
15
Let p(f) = -f**2 + 973*f - 203076. Give p(303).
-66
Let i(h) = -h**3 + 14*h**2 + 1147*h - 803. Calculate i(-28).
9
Let a(p) = 2*p**2 + 207690*p - 415380. Determine a(2).
8
Let t(h) = -h**3 + 126*h**2 + 156*h - 19870. Determine t(126).
-214
Let r(h) = h**2 + 963*h + 32423. Calculate r(-33).
1733
Let w(v) = -3*v**2 - 10562*v + 31694. Give w(3).
-19
Let u(h) = h**2 - 1494140*h + 14941319. Give u(10).
19
Let m(v) = 2*v**2 + 588*v - 15179. Determine m(24).
85
Let f(w) = -w**3 + 155*w**2 - 239*w + 13049. Calculate f(154).
-41
Let z(y) = -765*y + 78016. Calculate z(102).
-14
Let i(k) = 89*k**2 + 331*k + 1052. Determine i(-4).
1152
Let n(m) = m**3 - 19*m**2 + 276*m - 4108. What is n(17)?
6
Let s(q) = q**2 - 645*q + 42265. Give s(74).
11
Let r(k) = 1115*k**2 + 8918*k - 58. Give r(-8).
-42
Let d(u) = u**2 - 800*u + 106086. Determine d(168).
-90
Let w(j) = 716*j - 187346. Determine w(262).
246
Let y(a) = -117*a**2 - 33*a + 14. Give y(2).
-520
Let n(o) = -140*o - 10364. Give n(-74).
-4
Let w(l) = -l**2 + 36*l + 77. What is w(16)?
397
Let v(p) = 6*p**2 - 3654*p + 10914. What is v(3)?
6
Let u(h) = h**2 - 28*h + 514. What is u(10)?
334
Let b(k) = -54*k + 784. What is b(15)?
-26
Let x(f) = -f**2 + 385*f + 8028. What is x(-20)?
-72
Let q(b) = 80*b - 620. Calculate q(6).
-140
Let m(g) = 31313*g + 375748. Give m(-12).
-8
Let b(a) = 697*a + 544364. Give b(-781).
7
Let d(j) = 23735*j - 118680. Give d(5).
-5
Let j(s) = -5*s**3 + 31*s**2 - 17*s + 19. Calculate j(3).
112
Let h(q) = 3607*q**2 + 25*q + 16. Calculate h(1).
3648
Let t(p) = p**2 + 48*p + 207. What is t(-65)?
1312
Let o(z) = 26203*z - 1126752. What is o(43)?
-23
Let k(z) = -31*z**2 + 613*z + 74. Give k(20).
-66
Let k(w) = 14062*w - 1813999. Determine k(129).
-1
Let n(f) = 6*f**3 - 672*f**2 + 14*f - 1647. Determine n(112).
-79
Let d(f) = f**3 + 42*f**2 + 26*f - 2151. Give d(-40).
9
Let q(x) = x**2 - 61873*x + 804168. Determine q(13).
-12
Let u(a) = -6*a**2 - 943*a + 70031. Calculate u(55).
16
Let m(h) = -335*h + 31787. Determine m(94).
297
Let x(a) = -a**2 - 3073*a + 274928. Give x(87).
8
Let m(w) = -w**3 + 42*w**2 - 15*w - 1813. Determine m(40).
787
Let l(i) = 141*i**3 + 41*i**2 + 4*i - 5. Give l(1).
181
Let p(i) = -19*i**3 + 7*i**2 - 314*i + 1256. Give p(4).
-1104
Let j(o) = 16*o**2 + 1878*o + 606. Give j(-116).
-1946
Let c(y) = y**3 + 50*y**2 + 612*y + 285. Give c(-29).
198
Let v(h) = -5668*h + 51030. Calculate v(9).
18
Let j(q) = -2*q**2 - 199*q - 981. Give j(-39).
3738
Let t(h) = h**2 + 833*h - 386793. Calculate t(332).
-13
Let p(z) = z**3 - 5*z**2 - 2*z + 176. Determine p(9).
482
Let x(f) = 8731*f - 2043062. W